is 4611436 - -21?
4611460
In base 11, what is -626 + 3179a1?
317376
In base 13, what is 7767 + 6151?
108b8
In base 14, what is -1 - 21bc07a?
-21bc07b
In base 14, what is 1910b + a9?
191b6
In base 2, what is 10100 - 101100010010110110?
-101100010010100010
In base 14, what is 20 + -265849?
-265829
In base 14, what is 2b58 + 11b6?
3d30
In base 5, what is -12 + -112333132?
-112333144
In base 16, what is -27 - -6e08b?
6e064
In base 6, what is -3245142 + -150?
-3245332
In base 9, what is 53147 + -2234?
50813
In base 15, what is 961044 - -2?
961046
In base 12, what is -3 + 35440ba?
35440b7
In base 7, what is 243 + -44104316?
-44104043
In base 14, what is -2 + 3369?
3367
In base 7, what is -111 + 4345511?
4345400
In base 15, what is 0 + 134d1b7?
134d1b7
In base 12, what is -7515345 + -5?
-751534a
In base 14, what is 250c8 - -5?
250cd
In base 8, what is -1 + -14325032?
-14325033
In base 3, what is 122110022 - 200220202?
-1110110
In base 14, what is 30b031 + 1b?
30b04c
In base 13, what is -22 - -1115ab1?
1115a8c
In base 13, what is -5b + 18c28?
18b9a
In base 9, what is -4271473 + 55?
-4271417
In base 14, what is -4224 + -192d8?
-1d51c
In base 7, what is 0 - -534056420?
534056420
In base 9, what is -21007 - -1053?
-18844
In base 14, what is 330 - -1b255?
1b585
In base 2, what is 1110101110100 + -1001011100011?
101010010001
In base 11, what is 5 + 1129a0?
1129a5
In base 8, what is -1366 - 55225?
-56613
In base 15, what is -717b17 + 0?
-717b17
In base 6, what is 3 - 30123323301?
-30123323254
In base 3, what is 1221101121221001 - -101?
1221101121221102
In base 9, what is 1271586445 + 5?
1271586451
In base 6, what is 1301442 + -113150?
1144252
In base 8, what is -32537140 + 0?
-32537140
In base 14, what is 3cd3 + 1a430?
20323
In base 7, what is 13066213 - 1504?
13064406
In base 6, what is -3321 + 5345?
2024
In base 7, what is 4502662 - 30?
4502632
In base 6, what is -2 - 1522540331?
-1522540333
In base 9, what is 637775 + -32?
637743
In base 8, what is 2222614 - -151?
2222765
In base 11, what is 1539a16 - -4?
1539a1a
In base 15, what is -35ddc - 2a?
-35e17
In base 14, what is 2ab5 - -5c?
2b33
In base 12, what is -105 + 6b5b?
6a56
In base 5, what is -14 - -11233244?
11233230
In base 8, what is 145 + 325043?
325210
In base 8, what is 76435316 - -7?
76435325
In base 16, what is -4 + 564a774?
564a770
In base 7, what is -3141 - 11452?
-14623
In base 7, what is -4364423656 - 0?
-4364423656
In base 14, what is aa + -1914?
-1848
In base 13, what is 2 + 624675?
624677
In base 8, what is 576 - -43747?
44545
In base 12, what is a410 + -224?
a1a8
In base 13, what is 0 - 1896557c?
-1896557c
In base 14, what is -c735 - 1d3?
-c928
In base 15, what is 1b5c85 + -2?
1b5c83
In base 4, what is 3231 - 2323321?
-2320030
In base 13, what is -b140 + -1556?
-c696
In base 3, what is -121202201 - -1100220?
-120101211
In base 16, what is -10ffdb - 5f2?
-1105cd
In base 5, what is -31242130 - 33?
-31242213
In base 10, what is 2 - -9558014?
9558016
In base 4, what is -1020012030000 - -13?
-1020012023321
In base 2, what is 111000 + 100001?
1011001
In base 13, what is -231aa703 + -5?
-231aa708
In base 9, what is 3823245 + 6?
3823252
In base 6, what is -20143324414 - -3?
-20143324411
In base 8, what is 12176 - 5162?
5014
In base 10, what is -18595 + -58?
-18653
In base 10, what is 15 - 11608576?
-11608561
In base 9, what is 345352 + -10?
345342
In base 10, what is 84 - -209886?
209970
In base 16, what is -572 + ef90?
ea1e
In base 11, what is -3 + -74a69?
-74a71
In base 5, what is 201421343 + 4?
201421402
In base 9, what is 13 + 585280?
585303
In base 16, what is -6ff26 - -4e?
-6fed8
In base 12, what is -23a869 - -97?
-23a792
In base 8, what is 203157 - 5010?
176147
In base 12, what is 11 - -6268a6?
6268b7
In base 14, what is -8c + -197a3?
-19851
In base 9, what is -47 - -108787?
108740
In base 4, what is 212 + -1313321222?
-1313321010
In base 3, what is 111022 - 112201002110?
-112200121011
In base 8, what is -44 + 53012566?
53012522
In base 4, what is 133000121 - -331?
133001112
In base 16, what is -4ee5b29 - 0?
-4ee5b29
In base 10, what is -2245 - -26?
-2219
In base 3, what is 2020012 + -12020002?
-2222220
In base 5, what is -10 - -10144404032?
10144404022
In base 10, what is 5 + 23551?
23556
In base 9, what is 237 - -5454125?
5454363
In base 14, what is -15248 + 5b?
-151cb
In base 12, what is 1034050 - -4?
1034054
In base 7, what is 35 - -56103?
56141
In base 5, what is 10 + -14402140404?
-14402140344
In base 5, what is 11212 - -1200420?
1212132
In base 12, what is -12 - -107212b3?
107212a1
In base 9, what is -54143610 + -4?
-54143614
In base 7, what is 102545 + 430?
103305
In base 2, what is -100110101010100011100101 - -1000?
-100110101010100011011101
In base 5, what is -101 - -204421304?
204421203
In base 13, what is 260381 - -6?
260387
In base 4, what is -2 - -202002310122?
202002310120
In base 10, what is -241 - 568255?
-568496
In base 15, what is -695 + 18c56?
185b1
In base 7, what is -31014 + -53?
-31100
In base 7, what is -4125212 + -1164?
-4126406
In base 7, what is -16610201 - -563?
-16606305
In base 9, what is 1143348 - 41?
1143307
In base 8, what is -1 + 177056630?
177056627
In base 10, what is 1060855972 - 0?
1060855972
In base 9, what is 1 + -1306073?
-1306072
In base 12, what is 71966 - 52?
71914
In base 11, what is -4 - 2395931?
-2395935
In base 12, what is 1288405 - -2?
1288407
In base 16, what is -4d + -25c54?
-25ca1
In base 5, what is -1422401430310 - -4?
-1422401430301
In base 14, what is -1d + 2c05d?
2c040
In base 5, what is -303030 + 434212?
131132
In base 14, what is 0 - 31036b?
-31036b
In base 12, what is -4 - -1667668a?
16676686
In base 8, what is 13523 + -375316?
-361573
In base 9, what is -248 + -1227655?
-1228014
In base 13, what is -1c071 + -4037?
-230a8
In base 11, what is -1a02a341 + 1?
-1a02a340
In base 14, what is -4 - -323118?
323114
In base 15, what is -92e1d + -8?
-92e26
In base 11, what is 2 + -1137a2020?
-1137a2019
In base 11, what is 20987662 + 0?
20987662
In base 3, what is -112202012211122 - 12?
-112202012211211
In base 6, what is 1554 + 25125?
31123
In base 8, what is -3506 + -47221?
-52727
In base 12, what is 2a9030 + b1?
2a9121
In base 11, what is -2869 + 8854?
5a96
In base 9, what is 1732 - 2442?
-610
In base 14, what is -303 + -22d?
-532
In base 16, what is 0 - 5019604?
-5019604
In base 16, what is -6 - eac9?
-eacf
In base 5, what is -103312202233 - -1?
-103312202232
In base 11, what is -2536 + -152063?
-154599
In base 11, what is -8a419a + -26?
-8a4215
In base 11, what is 3490a4 + -3?
3490a1
In base 7, what is 31041220 - -6?
31041226
In base 16, what is -2 - -d1f304?
d1f302
In base 5, what is 40 - 10234211142?
-10234211102
In base 9, what is -1016828 + 7?
-1016821
In base 8, what is -261132226 - 5?
-261132233
In base 3, what is 22021001 - 1022001?
20222000
In base 5, what is 30230 - -1324322?
1410102
In base 6, what is -103343341455 + -4?
-103343341503
In base 4, what is 1002 - 12001003?
-12000001
In base 7, what is -4061513 + -425?
-4062241
In base 10, what is 2 - -5163?
5165
In base 12, what is -5 - 13a6051?
-13a6056
In base 12, what is -16 - -5359068?
5359052
In base 15, what is -ae + -9394?
-9453
In base 6, what is 504 + 13211?
14115
In base 9, what is -24414772 + 16?
-24414755
In base 15, what is -1 + 4ac8de?
4ac8dd
In base 4, what is 13 - 112102221200?
-112102221121
In base 5, what is -21 - 22331214042?
-22331214113
In base 12, what is -649a21 - 7?
-649a28
In base 8, what is -2 - 7130121?
-7130123
In base 7, what is -20 + -345051452?
-345051502
In base 13, what is -4 + 367c93?
367c8c
In base 8, what is -3575 + 1031?
-2544
In base 4, what is 333121 - 3013302?
-2020121
In base 12, what is 2 + 3a223b?
3a2241
In base 9, what is 17 - -774714?
774732
In base 14, what is -ba2a - -2946?
-90c4
In base 7, what is -2 - 55455460?
-55455462
In base 11, what is -503 + -32845?
-33248
In base 16, what is -4 - -2130f9?
2130f5
In base 14, what is -54477b + -7?
-544784
In base 2, what is 10010111 + 100000100101011001?
100000100111110000
In base 13, what is 0 + 971041?
971041
In base 13, what is -368 - 125355?
-1256c0
In base 16, what is -7128 - -13a?
-6fee
In base 15, what is -2ec - -209d?
1ca1
In base 14, what is -90ab1b + 49?
-90aab2
In base 9, what 